{"id":13,"date":"2025-09-01T21:27:34","date_gmt":"2025-09-01T19:27:34","guid":{"rendered":"https:\/\/www.duodecoeur.fr\/?page_id=13"},"modified":"2025-11-17T21:42:57","modified_gmt":"2025-11-17T20:42:57","slug":"asso-duo-de-coeur","status":"publish","type":"page","link":"https:\/\/www.duodecoeur.fr\/","title":{"rendered":"L&rsquo;association Duo de Coeur"},"content":{"rendered":"\t\t<div data-elementor-type=\"wp-page\" data-elementor-id=\"13\" class=\"elementor elementor-13\">\n\t\t\t\t<div class=\"elementor-element elementor-element-1f430cd e-flex e-con-boxed e-con e-parent\" data-id=\"1f430cd\" data-element_type=\"container\">\n\t\t\t\t\t<div class=\"e-con-inner\">\n\t\t\t\t<div class=\"elementor-element elementor-element-ed0ced1 elementor-widget elementor-widget-text-editor\" data-id=\"ed0ced1\" data-element_type=\"widget\" data-widget_type=\"text-editor.default\">\n\t\t\t\t\t\t\t\t\t<h2 style=\"font-weight: 400;\"><strong>Qui sommes-nous ?<\/strong><\/h2><p style=\"font-weight: 400;\"><strong>Duo de C\u0153ur<\/strong> est une association n\u00e9e de l\u2019engagement de coureurs, salari\u00e9s de Dell Technologies, qui ont choisi de mettre leur passion pour le sport au service d\u2019une cause qui nous tient \u00e0 c\u0153ur : <strong>le don d\u2019organes<\/strong>.<\/p><p style=\"font-weight: 400;\">Notre aventure est directement li\u00e9e \u00e0 la <a href=\"https:\/\/lacourseducoeur.com\/\" target=\"_blank\" rel=\"noopener\"><strong>Course du C\u0153ur<\/strong><\/a>, un d\u00e9fi sportif et humain qui relie Paris \u00e0 Bourg-Saint-Maurice \u2013 Les Arcs, et qui met en lumi\u00e8re l\u2019importance vitale du don d\u2019organes.<\/p><h2 style=\"font-weight: 400;\"><strong>Notre mission<\/strong><\/h2><ul style=\"font-weight: 400;\"><li><strong>Sensibiliser<\/strong> le grand public \u00e0 l\u2019importance du don d\u2019organes et \u00e0 la solidarit\u00e9 qu\u2019il incarne.<\/li><li><strong>Repr\u00e9senter<\/strong> fi\u00e8rement notre entreprise et tous ceux qui nous soutiennent au sein de la Course du C\u0153ur.<\/li><li><strong>Agir concr\u00e8tement<\/strong> en contribuant \u00e0 faire progresser les mentalit\u00e9s autour de ce sujet essentiel, car chaque don peut sauver des vies.<\/li><\/ul><h2 style=\"font-weight: 400;\"><strong>Pourquoi avons-nous besoin de vous ?<\/strong><\/h2><p style=\"font-weight: 400;\">Participer \u00e0 la Course du C\u0153ur est un projet ambitieux : au-del\u00e0 de l\u2019engagement sportif, il n\u00e9cessite une organisation logistique, mat\u00e9rielle et financi\u00e8re.<\/p><p style=\"font-weight: 400;\"><strong>Votre soutien, quel qu\u2019il soit, est pr\u00e9cieux.<\/strong><\/p><ul style=\"font-weight: 400;\"><li>Un don, m\u00eame modeste, contribue \u00e0 financer notre participation et nos actions de sensibilisation.<\/li><li>Votre relais sur les r\u00e9seaux sociaux permet de donner encore plus d\u2019\u00e9cho \u00e0 notre message.<\/li><\/ul><p style=\"font-weight: 400;\">Ensemble, faisons battre <strong>un Duo de C\u0153ur<\/strong> pour toutes celles et ceux qui attendent un greffon.<\/p><h2 style=\"font-weight: 400;\"><strong>Les fondateurs de l\u2019association<\/strong><\/h2><p style=\"font-weight: 400;\">Notre \u00e9quipe est compos\u00e9e de quatre membres fondateurs, unis par les m\u00eames valeurs : solidarit\u00e9, d\u00e9passement de soi et engagement.<\/p>\t\t\t\t\t\t\t\t<\/div>\n\t\t\t\t<div class=\"elementor-element elementor-element-fc6e7e3 elementor-widget elementor-widget-image-gallery\" data-id=\"fc6e7e3\" data-element_type=\"widget\" data-widget_type=\"image-gallery.default\">\n\t\t\t\t\t\t\t<div class=\"elementor-image-gallery\">\n\t\t\t<div id='gallery-1' class='gallery galleryid-13 gallery-columns-4 gallery-size-thumbnail'><figure class='gallery-item'>\n\t\t\t<div class='gallery-icon landscape'>\n\t\t\t\t<img decoding=\"async\" width=\"150\" height=\"150\" src=\"https:\/\/www.duodecoeur.fr\/wp-content\/uploads\/2025\/09\/nathalie-150x150.jpeg\" class=\"attachment-thumbnail size-thumbnail\" alt=\"\" aria-describedby=\"gallery-1-161\" srcset=\"https:\/\/www.duodecoeur.fr\/wp-content\/uploads\/2025\/09\/nathalie-150x150.jpeg 150w, https:\/\/www.duodecoeur.fr\/wp-content\/uploads\/2025\/09\/nathalie-300x300.jpeg 300w, https:\/\/www.duodecoeur.fr\/wp-content\/uploads\/2025\/09\/nathalie.jpeg 640w\" sizes=\"100vw\" \/>\n\t\t\t<\/div>\n\t\t\t\t<figcaption class='wp-caption-text gallery-caption' id='gallery-1-161'>\n\t\t\t\tNathalie Brosson &#8211; Pr\u00e9sidente\n\t\t\t\t<\/figcaption><\/figure><figure class='gallery-item'>\n\t\t\t<div class='gallery-icon landscape'>\n\t\t\t\t<img decoding=\"async\" width=\"150\" height=\"150\" src=\"https:\/\/www.duodecoeur.fr\/wp-content\/uploads\/2025\/09\/noham-150x150.jpeg\" class=\"attachment-thumbnail size-thumbnail\" alt=\"\" aria-describedby=\"gallery-1-160\" srcset=\"https:\/\/www.duodecoeur.fr\/wp-content\/uploads\/2025\/09\/noham-150x150.jpeg 150w, https:\/\/www.duodecoeur.fr\/wp-content\/uploads\/2025\/09\/noham-300x300.jpeg 300w, https:\/\/www.duodecoeur.fr\/wp-content\/uploads\/2025\/09\/noham.jpeg 640w\" sizes=\"100vw\" \/>\n\t\t\t<\/div>\n\t\t\t\t<figcaption class='wp-caption-text gallery-caption' id='gallery-1-160'>\n\t\t\t\tNoham Medyouni &#8211; Vice-pr\u00e9sident\n\t\t\t\t<\/figcaption><\/figure><figure class='gallery-item'>\n\t\t\t<div class='gallery-icon landscape'>\n\t\t\t\t<img decoding=\"async\" width=\"150\" height=\"150\" src=\"https:\/\/www.duodecoeur.fr\/wp-content\/uploads\/2025\/09\/emilie-150x150.jpeg\" class=\"attachment-thumbnail size-thumbnail\" alt=\"\" aria-describedby=\"gallery-1-159\" srcset=\"https:\/\/www.duodecoeur.fr\/wp-content\/uploads\/2025\/09\/emilie-150x150.jpeg 150w, https:\/\/www.duodecoeur.fr\/wp-content\/uploads\/2025\/09\/emilie-300x300.jpeg 300w, https:\/\/www.duodecoeur.fr\/wp-content\/uploads\/2025\/09\/emilie.jpeg 500w\" sizes=\"100vw\" \/>\n\t\t\t<\/div>\n\t\t\t\t<figcaption class='wp-caption-text gallery-caption' id='gallery-1-159'>\n\t\t\t\tEmilie Naguet &#8211; Secr\u00e9taire\n\t\t\t\t<\/figcaption><\/figure><figure class='gallery-item'>\n\t\t\t<div class='gallery-icon landscape'>\n\t\t\t\t<img loading=\"lazy\" decoding=\"async\" width=\"150\" height=\"150\" src=\"https:\/\/www.duodecoeur.fr\/wp-content\/uploads\/2025\/09\/francois-150x150.jpeg\" class=\"attachment-thumbnail size-thumbnail\" alt=\"\" aria-describedby=\"gallery-1-162\" srcset=\"https:\/\/www.duodecoeur.fr\/wp-content\/uploads\/2025\/09\/francois-150x150.jpeg 150w, https:\/\/www.duodecoeur.fr\/wp-content\/uploads\/2025\/09\/francois-300x300.jpeg 300w, https:\/\/www.duodecoeur.fr\/wp-content\/uploads\/2025\/09\/francois.jpeg 500w\" sizes=\"100vw\" \/>\n\t\t\t<\/div>\n\t\t\t\t<figcaption class='wp-caption-text gallery-caption' id='gallery-1-162'>\n\t\t\t\tFran\u00e7ois R\u00e9gimbart &#8211; Tr\u00e9sorier\n\t\t\t\t<\/figcaption><\/figure>\n\t\t<\/div>\n\t\t<\/div>\n\t\t\t\t\t\t<\/div>\n\t\t\t\t\t<\/div>\n\t\t\t\t<\/div>\n\t\t<div class=\"elementor-element elementor-element-f1f2c37 e-flex e-con-boxed e-con e-parent\" data-id=\"f1f2c37\" data-element_type=\"container\">\n\t\t\t\t\t<div class=\"e-con-inner\">\n\t\t\t\t<div class=\"elementor-element elementor-element-6a5fa25 elementor-widget elementor-widget-spacer\" data-id=\"6a5fa25\" data-element_type=\"widget\" data-widget_type=\"spacer.default\">\n\t\t\t\t\t\t\t<div class=\"elementor-spacer\">\n\t\t\t<div class=\"elementor-spacer-inner\"><\/div>\n\t\t<\/div>\n\t\t\t\t\t\t<\/div>\n\t\t\t\t<div class=\"elementor-element elementor-element-dbc162f elementor-widget elementor-widget-heading\" data-id=\"dbc162f\" data-element_type=\"widget\" data-widget_type=\"heading.default\">\n\t\t\t\t\t<h2 class=\"elementor-heading-title elementor-size-default\">Suivez nos aventures sur les r\u00e9seaux sociaux !<\/h2>\t\t\t\t<\/div>\n\t\t\t\t<div class=\"elementor-element elementor-element-a471270 elementor-widget elementor-widget-text-editor\" data-id=\"a471270\" data-element_type=\"widget\" data-widget_type=\"text-editor.default\">\n\t\t\t\t\t\t\t\t\t<p>Vivez la Course du C\u0153ur 2026 au quotidien sur notre feed Instagram !<\/p>\t\t\t\t\t\t\t\t<\/div>\n\t\t\t\t<div class=\"elementor-element elementor-element-95b7fcc elementor-widget elementor-widget-wp-widget-sli-feed\" data-id=\"95b7fcc\" data-element_type=\"widget\" data-widget_type=\"wp-widget-sli-feed.default\">\n\t\t\t\t<div class=\"elementor-widget-container\">\n\t\t\t\t\t<h5><\/h5>        <div\n            class=\"spotlight-instagram-feed\"\n            data-feed-var=\"ef62944d\"\n            data-analytics=\"0\"\n            data-instance=\"13\"\n        >\n        <\/div>\n        <input type=\"hidden\" id=\"sli__f__ef62944d\" data-json='{&quot;useCase&quot;:&quot;accounts&quot;,&quot;template&quot;:&quot;wave&quot;,&quot;layout&quot;:&quot;grid&quot;,&quot;numColumns&quot;:{&quot;desktop&quot;:7,&quot;tablet&quot;:5,&quot;phone&quot;:3},&quot;highlightFreq&quot;:{&quot;desktop&quot;:7},&quot;sliderNumScrollPosts&quot;:{&quot;desktop&quot;:1},&quot;sliderInfinite&quot;:true,&quot;sliderLoop&quot;:false,&quot;sliderArrowPos&quot;:{&quot;desktop&quot;:&quot;inside&quot;},&quot;sliderArrowSize&quot;:{&quot;desktop&quot;:20},&quot;sliderArrowColor&quot;:{&quot;r&quot;:255,&quot;b&quot;:255,&quot;g&quot;:255,&quot;a&quot;:1},&quot;sliderArrowBgColor&quot;:{&quot;r&quot;:0,&quot;b&quot;:0,&quot;g&quot;:0,&quot;a&quot;:0.8},&quot;sliderAutoScroll&quot;:false,&quot;sliderAutoInterval&quot;:3,&quot;postOrder&quot;:&quot;date_desc&quot;,&quot;numPosts&quot;:{&quot;desktop&quot;:7,&quot;tablet&quot;:5,&quot;phone&quot;:3},&quot;linkBehavior&quot;:{&quot;desktop&quot;:&quot;lightbox&quot;},&quot;feedWidth&quot;:{&quot;desktop&quot;:&quot;&quot;},&quot;feedHeight&quot;:{&quot;desktop&quot;:&quot;&quot;},&quot;feedPadding&quot;:{&quot;desktop&quot;:0,&quot;tablet&quot;:0,&quot;phone&quot;:0},&quot;imgPadding&quot;:{&quot;desktop&quot;:10,&quot;tablet&quot;:10,&quot;phone&quot;:10},&quot;ratio&quot;:&quot;classic&quot;,&quot;textSize&quot;:{&quot;desktop&quot;:&quot;&quot;,&quot;tablet&quot;:&quot;&quot;,&quot;phone&quot;:&quot;&quot;},&quot;bgColor&quot;:{&quot;r&quot;:255,&quot;g&quot;:255,&quot;b&quot;:255,&quot;a&quot;:0},&quot;hoverInfo&quot;:[],&quot;textColorHover&quot;:{&quot;r&quot;:255,&quot;g&quot;:255,&quot;b&quot;:255,&quot;a&quot;:1},&quot;bgColorHover&quot;:{&quot;r&quot;:0,&quot;g&quot;:0,&quot;b&quot;:0,&quot;a&quot;:0},&quot;showHeader&quot;:{&quot;desktop&quot;:true},&quot;headerInfo&quot;:{&quot;desktop&quot;:[&quot;profile_pic&quot;,&quot;bio&quot;]},&quot;headerAccount&quot;:5,&quot;headerStyle&quot;:{&quot;desktop&quot;:&quot;normal&quot;,&quot;phone&quot;:&quot;centered&quot;},&quot;headerTextSize&quot;:{&quot;desktop&quot;:&quot;&quot;},&quot;headerPhotoSize&quot;:{&quot;desktop&quot;:50},&quot;headerTextColor&quot;:{&quot;r&quot;:0,&quot;g&quot;:0,&quot;b&quot;:0,&quot;a&quot;:1},&quot;headerBgColor&quot;:{&quot;r&quot;:255,&quot;g&quot;:255,&quot;b&quot;:255,&quot;a&quot;:1},&quot;headerPadding&quot;:{&quot;desktop&quot;:27},&quot;customProfilePic&quot;:0,&quot;customBioText&quot;:&quot;&quot;,&quot;includeStories&quot;:false,&quot;storiesInterval&quot;:5,&quot;showCaptions&quot;:{&quot;desktop&quot;:false},&quot;captionMaxLength&quot;:{&quot;desktop&quot;:0},&quot;captionRemoveDots&quot;:false,&quot;captionSize&quot;:{&quot;desktop&quot;:0},&quot;captionColor&quot;:{&quot;r&quot;:0,&quot;g&quot;:0,&quot;b&quot;:0,&quot;a&quot;:1},&quot;showLikes&quot;:{&quot;desktop&quot;:false},&quot;showComments&quot;:{&quot;desktop&quot;:false},&quot;lcIconSize&quot;:{&quot;desktop&quot;:14},&quot;likesIconColor&quot;:{&quot;r&quot;:0,&quot;g&quot;:0,&quot;b&quot;:0,&quot;a&quot;:1},&quot;commentsIconColor&quot;:{&quot;r&quot;:0,&quot;g&quot;:0,&quot;b&quot;:0,&quot;a&quot;:1},&quot;lightboxShowSidebar&quot;:false,&quot;lightboxCtaStyle&quot;:&quot;link&quot;,&quot;lightboxCtaDesign&quot;:{&quot;text&quot;:{&quot;color&quot;:{&quot;r&quot;:0,&quot;g&quot;:0,&quot;b&quot;:0,&quot;a&quot;:1},&quot;align&quot;:&quot;center&quot;},&quot;bgColor&quot;:{&quot;r&quot;:230,&quot;g&quot;:230,&quot;b&quot;:230,&quot;a&quot;:1},&quot;border&quot;:{&quot;radius&quot;:3}},&quot;numLightboxComments&quot;:50,&quot;showLoadMoreBtn&quot;:{&quot;desktop&quot;:true},&quot;loadMoreBtnDesign&quot;:{&quot;text&quot;:{&quot;color&quot;:{&quot;r&quot;:255,&quot;g&quot;:255,&quot;b&quot;:255,&quot;a&quot;:1},&quot;align&quot;:&quot;center&quot;},&quot;border&quot;:{&quot;radius&quot;:3},&quot;bgColor&quot;:{&quot;r&quot;:0,&quot;g&quot;:149,&quot;b&quot;:246,&quot;a&quot;:1},&quot;margin&quot;:{&quot;top&quot;:0,&quot;bottom&quot;:0,&quot;left&quot;:0,&quot;right&quot;:0}},&quot;loadMoreBtnText&quot;:&quot;Voir plus&quot;,&quot;loadMoreBtnScroll&quot;:true,&quot;autoload&quot;:false,&quot;showFollowBtn&quot;:{&quot;desktop&quot;:true,&quot;phone&quot;:false,&quot;tablet&quot;:false},&quot;followBtnText&quot;:&quot;Suivre sur Instagram&quot;,&quot;followBtnDesign&quot;:{&quot;text&quot;:{&quot;color&quot;:{&quot;r&quot;:255,&quot;g&quot;:255,&quot;b&quot;:255,&quot;a&quot;:1},&quot;align&quot;:&quot;center&quot;},&quot;border&quot;:{&quot;radius&quot;:3},&quot;bgColor&quot;:{&quot;r&quot;:0,&quot;g&quot;:149,&quot;b&quot;:246,&quot;a&quot;:1},&quot;margin&quot;:{&quot;top&quot;:0,&quot;bottom&quot;:0,&quot;left&quot;:0,&quot;right&quot;:0}},&quot;followBtnLocation&quot;:{&quot;desktop&quot;:&quot;header&quot;,&quot;phone&quot;:&quot;bottom&quot;},&quot;alignFooterButtons&quot;:{&quot;desktop&quot;:false},&quot;customCss&quot;:&quot;.FeedLayout__root {\\n  padding-top: 30px;\\n}\\n\\n.FeedGridLayout__cell:nth-child(2n) {\\n    transform: translateY(-24px);\\n}\\n\\n.FeedGridLayout__cell {\\n    border-radius: 16px;\\n    overflow: hidden;\\n    box-shadow: -4px 4px 4px 0 rgb(0 0 0 \\\/ 15%);\\n}&quot;,&quot;accounts&quot;:[310],&quot;tagged&quot;:[],&quot;hashtags&quot;:[],&quot;mediaType&quot;:&quot;all&quot;,&quot;hashtagWhitelist&quot;:[],&quot;hashtagBlacklist&quot;:[],&quot;captionWhitelist&quot;:[],&quot;captionBlacklist&quot;:[],&quot;hashtagWhitelistSettings&quot;:true,&quot;hashtagBlacklistSettings&quot;:true,&quot;captionWhitelistSettings&quot;:true,&quot;captionBlacklistSettings&quot;:true,&quot;moderation&quot;:[],&quot;moderationMode&quot;:&quot;blacklist&quot;,&quot;promosVersion&quot;:2,&quot;promosEnabled&quot;:true,&quot;globalPromosEnabled&quot;:true,&quot;autoPromosEnabled&quot;:true,&quot;promoOverrides&quot;:[],&quot;feedPromo&quot;:{&quot;linkSource&quot;:{&quot;type&quot;:null},&quot;linkBehavior&quot;:{&quot;openNewTab&quot;:false,&quot;showPopupBox&quot;:false},&quot;linkText&quot;:&quot;&quot;},&quot;gaCampaignSource&quot;:&quot;&quot;,&quot;gaCampaignMedium&quot;:&quot;&quot;,&quot;gaCampaignName&quot;:&quot;&quot;}' \/>\n        <input type=\"hidden\" id=\"sli__a__ef62944d\" data-json='[{&quot;id&quot;:310,&quot;type&quot;:&quot;PERSONAL&quot;,&quot;userId&quot;:&quot;24915124164776674&quot;,&quot;username&quot;:&quot;duodecoeur_&quot;,&quot;bio&quot;:&quot;&quot;,&quot;customBio&quot;:&quot;&quot;,&quot;profilePicUrl&quot;:&quot;&quot;,&quot;customProfilePicUrl&quot;:&quot;&quot;,&quot;mediaCount&quot;:&quot;149&quot;,&quot;followersCount&quot;:&quot;0&quot;,&quot;usages&quot;:[],&quot;creationDate&quot;:&quot;2025-11-18 21:04:52&quot;}]' \/>\n        <input type=\"hidden\" id=\"sli__m__ef62944d\" data-json='[]' \/>\n        \t\t\t\t<\/div>\n\t\t\t\t<\/div>\n\t\t\t\t\t<\/div>\n\t\t\t\t<\/div>\n\t\t<div class=\"elementor-element elementor-element-e6afb00 e-flex e-con-boxed e-con e-parent\" data-id=\"e6afb00\" data-element_type=\"container\">\n\t\t\t\t\t<div class=\"e-con-inner\">\n\t\t\t\t<div class=\"elementor-element elementor-element-e8356e7 elementor-widget elementor-widget-text-editor\" data-id=\"e8356e7\" data-element_type=\"widget\" data-widget_type=\"text-editor.default\">\n\t\t\t\t\t\t\t\t\t<h2 style=\"font-weight: 400;\"><strong>Soutenez Duo de C\u0153ur <\/strong><\/h2><p style=\"font-weight: 400;\">Chaque ann\u00e9e, des milliers de personnes en France attendent une greffe pour continuer \u00e0 vivre. Avec <strong>Duo de C\u0153ur<\/strong>, nous avons choisi de courir pour eux, pour porter ce message d\u2019espoir et sensibiliser le plus grand nombre.<\/p><p style=\"font-weight: 400;\"><strong>Votre don, m\u00eame symbolique, fait la diff\u00e9rence.<\/strong><\/p><ul style=\"font-weight: 400;\"><li>Il nous aide \u00e0 financer notre participation \u00e0 la <a href=\"https:\/\/lacourseducoeur.com\/\" target=\"_blank\" rel=\"noopener\"><strong>Course du C\u0153ur<\/strong><\/a>.<\/li><li>Il permet de d\u00e9velopper nos actions de <strong>sensibilisation au don d\u2019organes<\/strong>.<\/li><li>Il nous donne les moyens de faire entendre une voix collective plus forte.<\/li><\/ul><p style=\"font-weight: 400;\"><a href=\"https:\/\/www.duodecoeur.fr\/?page_id=15\" target=\"_blank\" rel=\"noopener\">[<strong>Faire un don<\/strong>]<\/a><\/p><p style=\"font-weight: 400;\">Merci du fond du c\u0153ur pour votre soutien. Ensemble, faisons avancer la cause du don d\u2019organes.<\/p><p style=\"font-weight: 400;\">\u00a0<\/p>\t\t\t\t\t\t\t\t<\/div>\n\t\t\t\t\t<\/div>\n\t\t\t\t<\/div>\n\t\t\t\t<\/div>\n\t\t","protected":false},"excerpt":{"rendered":"<p>Qui sommes-nous ? Duo de C\u0153ur est une association n\u00e9e de l\u2019engagement de coureurs, salari\u00e9s de Dell Technologies, qui ont choisi de mettre leur passion pour le sport au service d\u2019une cause qui nous tient \u00e0 c\u0153ur : le don d\u2019organes. Notre aventure est directement li\u00e9e \u00e0 la Course du C\u0153ur, un d\u00e9fi sportif et &hellip; <\/p>\n<p class=\"link-more\"><a href=\"https:\/\/www.duodecoeur.fr\/\" class=\"more-link\">Lire la suite de<span class=\"screen-reader-text\">\u00ab\u00a0L&rsquo;association Duo de Coeur\u00a0\u00bb<\/span><\/a><\/p>\n","protected":false},"author":1,"featured_media":0,"parent":0,"menu_order":0,"comment_status":"closed","ping_status":"closed","template":"","meta":{"footnotes":""},"class_list":["post-13","page","type-page","status-publish","hentry"],"yoast_head":"<!-- This site is optimized with the Yoast SEO plugin v26.3 - https:\/\/yoast.com\/wordpress\/plugins\/seo\/ -->\n<title>L&#039;association Duo de Coeur - Association &quot;Duo de C\u0153ur&quot;<\/title>\n<meta name=\"description\" content=\"\u00ab Duo de C\u0153ur : association sportive et solidaire qui rassemble coureurs et entreprises pour la sensibilisation au don d\u2019organes lors de la Course du C\u0153ur. \u00bb\" \/>\n<meta name=\"robots\" content=\"index, follow, max-snippet:-1, max-image-preview:large, max-video-preview:-1\" \/>\n<link rel=\"canonical\" href=\"https:\/\/www.duodecoeur.fr\/\" \/>\n<meta property=\"og:locale\" content=\"fr_FR\" \/>\n<meta property=\"og:type\" content=\"article\" \/>\n<meta property=\"og:title\" content=\"L&#039;association Duo de Coeur - Association &quot;Duo de C\u0153ur&quot;\" \/>\n<meta property=\"og:description\" content=\"\u00ab Duo de C\u0153ur : association sportive et solidaire qui rassemble coureurs et entreprises pour la sensibilisation au don d\u2019organes lors de la Course du C\u0153ur. \u00bb\" \/>\n<meta property=\"og:url\" content=\"https:\/\/www.duodecoeur.fr\/\" \/>\n<meta property=\"og:site_name\" content=\"Association &quot;Duo de C\u0153ur&quot;\" \/>\n<meta property=\"article:modified_time\" content=\"2025-11-17T20:42:57+00:00\" \/>\n<meta property=\"og:image\" content=\"https:\/\/www.duodecoeur.fr\/wp-content\/uploads\/2025\/09\/nathalie-150x150.jpeg\" \/>\n<meta name=\"twitter:card\" content=\"summary_large_image\" \/>\n<script type=\"application\/ld+json\" class=\"yoast-schema-graph\">{\"@context\":\"https:\/\/schema.org\",\"@graph\":[{\"@type\":\"WebPage\",\"@id\":\"https:\/\/www.duodecoeur.fr\/\",\"url\":\"https:\/\/www.duodecoeur.fr\/\",\"name\":\"L'association Duo de Coeur - Association &quot;Duo de C\u0153ur&quot;\",\"isPartOf\":{\"@id\":\"https:\/\/www.duodecoeur.fr\/#website\"},\"primaryImageOfPage\":{\"@id\":\"https:\/\/www.duodecoeur.fr\/#primaryimage\"},\"image\":{\"@id\":\"https:\/\/www.duodecoeur.fr\/#primaryimage\"},\"thumbnailUrl\":\"https:\/\/www.duodecoeur.fr\/wp-content\/uploads\/2025\/09\/nathalie-150x150.jpeg\",\"datePublished\":\"2025-09-01T19:27:34+00:00\",\"dateModified\":\"2025-11-17T20:42:57+00:00\",\"description\":\"\u00ab Duo de C\u0153ur : association sportive et solidaire qui rassemble coureurs et entreprises pour la sensibilisation au don d\u2019organes lors de la Course du C\u0153ur. \u00bb\",\"breadcrumb\":{\"@id\":\"https:\/\/www.duodecoeur.fr\/#breadcrumb\"},\"inLanguage\":\"fr-FR\",\"potentialAction\":[{\"@type\":\"ReadAction\",\"target\":[\"https:\/\/www.duodecoeur.fr\/\"]}]},{\"@type\":\"ImageObject\",\"inLanguage\":\"fr-FR\",\"@id\":\"https:\/\/www.duodecoeur.fr\/#primaryimage\",\"url\":\"https:\/\/www.duodecoeur.fr\/wp-content\/uploads\/2025\/09\/nathalie-150x150.jpeg\",\"contentUrl\":\"https:\/\/www.duodecoeur.fr\/wp-content\/uploads\/2025\/09\/nathalie-150x150.jpeg\"},{\"@type\":\"BreadcrumbList\",\"@id\":\"https:\/\/www.duodecoeur.fr\/#breadcrumb\",\"itemListElement\":[{\"@type\":\"ListItem\",\"position\":1,\"name\":\"Accueil\",\"item\":\"https:\/\/www.duodecoeur.fr\/\"},{\"@type\":\"ListItem\",\"position\":2,\"name\":\"L&rsquo;association Duo de Coeur\"}]},{\"@type\":\"WebSite\",\"@id\":\"https:\/\/www.duodecoeur.fr\/#website\",\"url\":\"https:\/\/www.duodecoeur.fr\/\",\"name\":\"Association \\\"Duo de C\u0153ur\\\"\",\"description\":\"Du 25 au 29 mars 2026 : La 39\u00e8me \u00e9dition de la Course du C\u0153ur &quot;Paris \/ Bourg Saint Maurice - Les Arcs&quot;\",\"publisher\":{\"@id\":\"https:\/\/www.duodecoeur.fr\/#organization\"},\"potentialAction\":[{\"@type\":\"SearchAction\",\"target\":{\"@type\":\"EntryPoint\",\"urlTemplate\":\"https:\/\/www.duodecoeur.fr\/?s={search_term_string}\"},\"query-input\":{\"@type\":\"PropertyValueSpecification\",\"valueRequired\":true,\"valueName\":\"search_term_string\"}}],\"inLanguage\":\"fr-FR\"},{\"@type\":\"Organization\",\"@id\":\"https:\/\/www.duodecoeur.fr\/#organization\",\"name\":\"Association \\\"Duo de C\u0153ur\\\"\",\"url\":\"https:\/\/www.duodecoeur.fr\/\",\"logo\":{\"@type\":\"ImageObject\",\"inLanguage\":\"fr-FR\",\"@id\":\"https:\/\/www.duodecoeur.fr\/#\/schema\/logo\/image\/\",\"url\":\"https:\/\/www.duodecoeur.fr\/wp-content\/uploads\/2025\/09\/cropped-Duo-de-coeur.png\",\"contentUrl\":\"https:\/\/www.duodecoeur.fr\/wp-content\/uploads\/2025\/09\/cropped-Duo-de-coeur.png\",\"width\":850,\"height\":721,\"caption\":\"Association \\\"Duo de C\u0153ur\\\"\"},\"image\":{\"@id\":\"https:\/\/www.duodecoeur.fr\/#\/schema\/logo\/image\/\"},\"sameAs\":[\"https:\/\/www.instagram.com\/association.duo.de.coeur\/\"]}]}<\/script>\n<!-- \/ Yoast SEO plugin. -->","yoast_head_json":{"title":"L'association Duo de Coeur - Association &quot;Duo de C\u0153ur&quot;","description":"\u00ab Duo de C\u0153ur : association sportive et solidaire qui rassemble coureurs et entreprises pour la sensibilisation au don d\u2019organes lors de la Course du C\u0153ur. \u00bb","robots":{"index":"index","follow":"follow","max-snippet":"max-snippet:-1","max-image-preview":"max-image-preview:large","max-video-preview":"max-video-preview:-1"},"canonical":"https:\/\/www.duodecoeur.fr\/","og_locale":"fr_FR","og_type":"article","og_title":"L'association Duo de Coeur - Association &quot;Duo de C\u0153ur&quot;","og_description":"\u00ab Duo de C\u0153ur : association sportive et solidaire qui rassemble coureurs et entreprises pour la sensibilisation au don d\u2019organes lors de la Course du C\u0153ur. \u00bb","og_url":"https:\/\/www.duodecoeur.fr\/","og_site_name":"Association &quot;Duo de C\u0153ur&quot;","article_modified_time":"2025-11-17T20:42:57+00:00","og_image":[{"url":"https:\/\/www.duodecoeur.fr\/wp-content\/uploads\/2025\/09\/nathalie-150x150.jpeg","type":"","width":"","height":""}],"twitter_card":"summary_large_image","schema":{"@context":"https:\/\/schema.org","@graph":[{"@type":"WebPage","@id":"https:\/\/www.duodecoeur.fr\/","url":"https:\/\/www.duodecoeur.fr\/","name":"L'association Duo de Coeur - Association &quot;Duo de C\u0153ur&quot;","isPartOf":{"@id":"https:\/\/www.duodecoeur.fr\/#website"},"primaryImageOfPage":{"@id":"https:\/\/www.duodecoeur.fr\/#primaryimage"},"image":{"@id":"https:\/\/www.duodecoeur.fr\/#primaryimage"},"thumbnailUrl":"https:\/\/www.duodecoeur.fr\/wp-content\/uploads\/2025\/09\/nathalie-150x150.jpeg","datePublished":"2025-09-01T19:27:34+00:00","dateModified":"2025-11-17T20:42:57+00:00","description":"\u00ab Duo de C\u0153ur : association sportive et solidaire qui rassemble coureurs et entreprises pour la sensibilisation au don d\u2019organes lors de la Course du C\u0153ur. \u00bb","breadcrumb":{"@id":"https:\/\/www.duodecoeur.fr\/#breadcrumb"},"inLanguage":"fr-FR","potentialAction":[{"@type":"ReadAction","target":["https:\/\/www.duodecoeur.fr\/"]}]},{"@type":"ImageObject","inLanguage":"fr-FR","@id":"https:\/\/www.duodecoeur.fr\/#primaryimage","url":"https:\/\/www.duodecoeur.fr\/wp-content\/uploads\/2025\/09\/nathalie-150x150.jpeg","contentUrl":"https:\/\/www.duodecoeur.fr\/wp-content\/uploads\/2025\/09\/nathalie-150x150.jpeg"},{"@type":"BreadcrumbList","@id":"https:\/\/www.duodecoeur.fr\/#breadcrumb","itemListElement":[{"@type":"ListItem","position":1,"name":"Accueil","item":"https:\/\/www.duodecoeur.fr\/"},{"@type":"ListItem","position":2,"name":"L&rsquo;association Duo de Coeur"}]},{"@type":"WebSite","@id":"https:\/\/www.duodecoeur.fr\/#website","url":"https:\/\/www.duodecoeur.fr\/","name":"Association \"Duo de C\u0153ur\"","description":"Du 25 au 29 mars 2026 : La 39\u00e8me \u00e9dition de la Course du C\u0153ur &quot;Paris \/ Bourg Saint Maurice - Les Arcs&quot;","publisher":{"@id":"https:\/\/www.duodecoeur.fr\/#organization"},"potentialAction":[{"@type":"SearchAction","target":{"@type":"EntryPoint","urlTemplate":"https:\/\/www.duodecoeur.fr\/?s={search_term_string}"},"query-input":{"@type":"PropertyValueSpecification","valueRequired":true,"valueName":"search_term_string"}}],"inLanguage":"fr-FR"},{"@type":"Organization","@id":"https:\/\/www.duodecoeur.fr\/#organization","name":"Association \"Duo de C\u0153ur\"","url":"https:\/\/www.duodecoeur.fr\/","logo":{"@type":"ImageObject","inLanguage":"fr-FR","@id":"https:\/\/www.duodecoeur.fr\/#\/schema\/logo\/image\/","url":"https:\/\/www.duodecoeur.fr\/wp-content\/uploads\/2025\/09\/cropped-Duo-de-coeur.png","contentUrl":"https:\/\/www.duodecoeur.fr\/wp-content\/uploads\/2025\/09\/cropped-Duo-de-coeur.png","width":850,"height":721,"caption":"Association \"Duo de C\u0153ur\""},"image":{"@id":"https:\/\/www.duodecoeur.fr\/#\/schema\/logo\/image\/"},"sameAs":["https:\/\/www.instagram.com\/association.duo.de.coeur\/"]}]}},"_links":{"self":[{"href":"https:\/\/www.duodecoeur.fr\/index.php?rest_route=\/wp\/v2\/pages\/13","targetHints":{"allow":["GET"]}}],"collection":[{"href":"https:\/\/www.duodecoeur.fr\/index.php?rest_route=\/wp\/v2\/pages"}],"about":[{"href":"https:\/\/www.duodecoeur.fr\/index.php?rest_route=\/wp\/v2\/types\/page"}],"author":[{"embeddable":true,"href":"https:\/\/www.duodecoeur.fr\/index.php?rest_route=\/wp\/v2\/users\/1"}],"replies":[{"embeddable":true,"href":"https:\/\/www.duodecoeur.fr\/index.php?rest_route=%2Fwp%2Fv2%2Fcomments&post=13"}],"version-history":[{"count":88,"href":"https:\/\/www.duodecoeur.fr\/index.php?rest_route=\/wp\/v2\/pages\/13\/revisions"}],"predecessor-version":[{"id":309,"href":"https:\/\/www.duodecoeur.fr\/index.php?rest_route=\/wp\/v2\/pages\/13\/revisions\/309"}],"wp:attachment":[{"href":"https:\/\/www.duodecoeur.fr\/index.php?rest_route=%2Fwp%2Fv2%2Fmedia&parent=13"}],"curies":[{"name":"wp","href":"https:\/\/api.w.org\/{rel}","templated":true}]}}